y be f(-6). What is the remainder when l is divided by -1*(0 + 2) + y?
11
Suppose 0 = 3*j - 4*n - 50, j + 0*n - 38 = -4*n. What is the remainder when 41 is divided by j?
19
Let m = 20 + -11. Suppose 2*a = -g + m, 0 = -4*g + a + 15 + 21. Let w = -5 - -8. Calculate the remainder when g is divided by w.
0
Let b(q) = -q**3 + 4*q**2 + q - 2. Let p be b(4). Suppose 3*o - p = 4*o, -2*i = -o - 30. Calculate the remainder when 41 is divided by i.
13
Let w = 19 + -4. Calculate the remainder when 28 is divided by w.
13
Let h(p) = -6*p + 3*p - 2 + 0 + 0. What is the remainder when 30 is divided by h(-6)?
14
Let u = -3 - -5. Suppose k - 4*x = x - u, 4*k = 4*x + 24. What is the remainder when 4/6 - (-128)/6 is divided by k?
6
Let p(s) = -s**2 - 6*s + 9. Let k be p(7). Suppose 0 = c + 3*v + 63, -5*v = 3*c - 0*c + 181. Let a = c - k. What is the remainder when a is divided by 13?
12
Let c be (14/(-6) + 3)*-3. Calculate the remainder when (c - 7/4)*-12 is divided by 24.
21
Suppose -1 = 3*c - 4. Suppose -3*h - i + 11 = 0, c = -3*h + 4*i + i. Let q(w) = w**3 - 2*w - 4. What is the remainder when q(h) is divided by 10?
7
Let i be 106/22 + (-4)/(-22). Suppose -2*w - 12 = 2*w + 5*p, 0 = -4*w + i*p + 28. Calculate the remainder when 5 is divided by w.
1
Let b(h) = 2*h - 1. Let a be b(2). Suppose -2*q = -6*q + 8. Suppose -a*o = -o + m - 90, -q*o + 86 = 2*m. Calculate the remainder when o is divided by 16.
15
Let p(a) = -a**3 - 6*a**2 - 5*a + 5. Let u(y) = -y**2 + 4*y + 7. Let d be u(6). What is the remainder when (-55)/(-4) + (-1)/(-4) is divided by p(d)?
4
Let d be 92 - 1*(-4)/2. Suppose 2*k = -34 + d. Let l = 27 - 11. What is the remainder when k is divided by l?
14
Let x = 121 - 63. Suppose 14 - x = -4*p. Let n = 96 + -64. Calculate the remainder when n is divided by p.
10
What is the remainder when 2 - -1 - 58*-2 is divided by 40?
39
Let x be -2*(-1)/4*56. Let t = 40 - x. Calculate the remainder when t is divided by 7.
5
Suppose 2*u + 2*a - 22 = -a, -3*a = -4*u + 8. Suppose -u*j + 92 = -j. Suppose -5*i + j = -12. What is the remainder when 19 is divided by i?
5
Suppose -5*x + 257 = f, -4*x - x = -2*f - 251. Calculate the remainder when x is divided by 14.
9
Let a = -9 - -50. What is the remainder when 161 is divided by a?
38
Let g = 90 - 63. Calculate the remainder when g is divided by 7.
6
Let y = -121 - -18. Let c = -66 - y. Calculate the remainder when c is divided by 13.
11
Let l be 3/(-2)*(-236)/6. Suppose -63 - l = -2*p. What is the remainder when p is divided by 21?
19
Let j = -113 - -144. What is the remainder when j is divided by 21?
10
Let m(g) = -g**3 - 15*g**2 - 15*g - 13. Suppose 2*z - 36 = -0*s + 3*s, 0 = -4*s - z - 59. Calculate the remainder when m(s) is divided by 6/(-9)*(-3)/2.
0
Let z(t) = -t**2 + 5*t + 10. Let f(h) = -h**2 - h + 1. Let q(k) = 2*f(k) - z(k). Let v be q(-6). What is the remainder when 18 is divided by 225/33 - v/11?
4
Suppose r = -2*r - 36. Let t(o) = -o**3 - 12*o**2 + 4. What is the remainder when (-4)/(4/3 - 2) is divided by t(r)?
2
Suppose -2*y + 5*o = -1, o + 15 = 3*y - 2*o. Calculate the remainder when 22 is divided by y.
6
Let v(q) = -q + 9. Let n(g) = g + 1. Let k be n(3). Suppose -k*z + 9*z = 125. What is the remainder when z is divided by v(0)?
7
Let c = 4 + -2. Suppose 4 = -c*r - 2*r. What is the remainder when 40 is divided by (-5)/r*14/5?
12
Let j = 29 - -27. Suppose -14 = 3*m - j. What is the remainder when 6*3*(-6)/(-4) is divided by m?
13
Let k = 19 - 9. Let s be (-6 - -7)/(1/4). What is the remainder when 30 + (-1)/(4/s) is divided by k?
9
Suppose 0*k - 18 = -k. Let l = 340 - 128. What is the remainder when l/6*9/6 is divided by k?
17
Let a = 9 + -28. Let c = a + 27. What is the remainder when 30 is divided by c?
6
Let b = 13 + 5. Let v(c) = c**2 + 2*c + 2. Let f be v(-2). Suppose d = -f*d + 2*t + 17, -3*d - t + 23 = 0. What is the remainder when b is divided by d?
4
Suppose 4*s = 3*y - 95, -y + 3*s + 14 + 21 = 0. Let a = 14 + -9. Suppose -5*l = -3*d + 45, 2*d - a*l - 47 = -12. Calculate the remainder when y is divided by d.
9
Let n(t) = t**3 - 19*t**2 + 18*t + 5. What is the remainder when 5 is divided by n(18)?
0
Let l = 71 + -46. Suppose 0 = 4*o - q - l, 4*o + 0*q - 2*q = 30. Calculate the remainder when 9 is divided by o.
4
Let l(z) = -7*z + 1. Suppose 0 = 3*t + t + 4. Let g(q) = q**3 - 16*q**2 + 16*q - 1. Calculate the remainder when g(15) is divided by l(t).
6
Let b be 1 + -4 - (-16 - -1). Let s = 52 - b. Let n(o) = 4*o - 2. What is the remainder when s is divided by n(4)?
12
Suppose 0*j = 5*d + 5*j - 45, -2*d + j + 18 = 0. Suppose 0 = 5*s - 144 + 19. What is the remainder when s is divided by d?
7
Suppose 0*m - 3*l - 81 = -3*m, -m = l - 33. Let y = -12 + m. What is the remainder when 51 + 1 - 0/1 is divided by y?
16
What is the remainder when 89 is divided by (-61)/(-4) + 5 + 105/(-20)?
14
Let p(w) = -w - 1. Let n(q) = q**3 + 13*q**2 - 4*q + 1. Let x(k) = n(k) - 4*p(k). Calculate the remainder when 13 is divided by x(-13).
3
Calculate the remainder when ((-25)/(-5) + -3)/((-2)/(-26)) is divided by 15.
11
Let z = -3 - -70. Calculate the remainder when z is divided by 10.
7
Let m(i) = -i**2 - 4*i + 6. Let c be m(-6). Let f = c - -8. What is the remainder when f is divided by 1?
0
Let j(b) = -b**2 - b + 5. Let t be (-3)/6 + 1/2. Let f be j(t). What is the remainder when 14 is divided by (-1 + 1)/(-2) + f?
4
Let k = 9 - 7. Calculate the remainder when 159/3 + (-6)/k is divided by 26.
24
Suppose -3*d + 115 = -2*u - 135, 0 = 2*d - 5*u - 174. Calculate the remainder when d is divided by 29.
24
Let w = 6 + -5. Let l(i) = -i**3 - 3*i**2 + 5*i - 1. Calculate the remainder when l(-5) is divided by (0 + 13)/(2 - w).
11
Let d = 20 + -15. Suppose -6 = -c + d. What is the remainder when 43 is divided by c?
10
Let i(k) = 2*k. Let l be i(9). Let c(f) = 8*f - 4. Let u be c(8). Suppose -l = -q + 4*b, 2*q - 5*b = -3*q + u. What is the remainder when q is divided by 4?
2
Let a = 8 - 9. Let x(v) = v**3 + v**2 - 2*v - 1. Let y be x(a). What is the remainder when 15 - (-1 + y + -3) is divided by 7?
4
Let v = -39 - -108. What is the remainder when v is divided by 24?
21
Let x = -5 - 3. What is the remainder when 35 is divided by (-100)/x - (-3)/(-6)?
11
Let r(a) = a**2 + 11*a - 8. What is the remainder when (2/(-1))/((-1)/26) is divided by r(-13)?
16
Suppose 3*v - 21 = -0*v. Let d = v - -14. Let b = 13 + -2. What is the remainder when d is divided by b?
10
Let a = -6 - -34. Let m = 35 - a. What is the remainder when 27 is divided by m?
6
Let v(c) be the second derivative of 2*c**3/3 + 7*c**2/2 + c. Let a = -9 + 20. What is the remainder when v(6) is divided by a?
9
Let i(p) = -p**2 + 7. Let h(a) = -a**2 - a. Let o = -6 + 4. Let l(m) = o*h(m) + i(m). Calculate the remainder when l(-5) is divided by 6.
4
Let y be ((-58)/2)/(5/(-20)). Let b = -82 + y. Calculate the remainder when b is divided by 18.
16
Suppose -3*d + 0*n + 55 = 2*n, 4*n = 3*d - 79. Suppose -39 = -4*q + 5*f, f + 52 = 5*q - 2*f. Calculate the remainder when d is divided by q.
10
Let w(p) = -2*p**3 - p**2 - 8*p - 9. Let m(t) = 3*t**3 + 2*t**2 + 8*t + 9. Let g(u) = -3*m(u) - 4*w(u). What is the remainder when 43 is divided by g(-4)?
7
Suppose 0*i - 23 = -2*i + j, -3*i - 3*j + 48 = 0. What is the remainder when 51 is divided by i?
12
Let j(g) = 4*g - 5. Suppose 0 = -3*h - h. Suppose h = -k + 5*a + 36, -5*k - 4*a = -a - 292. Calculate the remainder when k is divided by j(6).
18
Let k = -3 + 4. Calculate the remainder when 12 - k/(3/(-6)) is divided by 8.
6
Let p(h) = h**3 + 8*h**2 + 2*h + 8. What is the remainder when p(-7) is divided by -2 + 1 - -16*1?
13
Let w(v) = v**3 - 6*v**2 + 4*v. Suppose 49*j - 190 = 47*j. Calculate the remainder when j is divided by w(6).
23
Suppose -2*w + 56 = 4*t, 0 = 5*w + 6 + 4. Calculate the remainder when 25 is divided by t.
10
Let m = 41 - 20. Calculate the remainder when m is divided by 11.
10
Suppose 3*x - 1 = 7*x + 3*p, 2*x - 2 = -2*p. Let f be (-4)/(x + 2) - -293. Suppose -2*y - 3*y = -f. What is the remainder when y is divided by 20?
19
Let j(d) be the first derivative of 5*d**4 - d**3/3 - d**2/2 + d + 5. Calculate the remainder when j(1) is divided by 7.
5
Suppose g + 3*f + 5 + 2 = 0, -10 = 2*g + 5*f. Let y be 2*(9 + 0) - -2. Sup